and 6.
6
Suppose -20*o - 15 = -19*o. Let d(u) = -3*u - 24. Let r be d(o). Let n = 5 + -2. What is the greatest common factor of r and n?
3
Let w(m) = 3*m + 1. Let n be w(1). Suppose -128 = -n*k - 0. Let t = -249 + 253. Calculate the highest common factor of k and t.
4
Let d(a) be the first derivative of -a**3/3 + 9*a**2 - 5*a + 2. Let g be d(7). What is the greatest common divisor of g and 8?
8
Let a(y) be the second derivative of y**5/20 - 7*y**4/6 + 5*y**3/2 + 9*y**2 + 3*y. Let w be a(13). Calculate the greatest common factor of 11 and w.
11
Let w(k) = -3*k - 7. Let u be w(-6). What is the greatest common divisor of 88 and u?
11
Let d be (-11 - -12)/((-1)/(-36)). Let t be (132/d)/(2/12). What is the highest common divisor of t and 22?
22
Let d be (72/(-45))/(4/(-10)). Let v(o) = -3*o - 7. Let g be v(-6). Suppose g + d = z. Calculate the highest common factor of z and 165.
15
Let f(q) = 16*q + 1. Let r = -2 - -3. Let h be f(r). Calculate the greatest common factor of 187 and h.
17
Let c(i) = -22*i - 12*i + 3*i**2 + 29*i + 6. Let h be c(6). Calculate the highest common divisor of 12 and h.
12
Let h = 5 - -16. Let y be (-3)/(-4) - 75/(-12). What is the highest common factor of h and y?
7
Let a(y) be the third derivative of y**4/8 - y**3/2 + 3*y**2. Let v be a(2). What is the highest common factor of 27 and v?
3
Let c = -6 - -19. Suppose -h + 37 = 4*h - 3*j, 0 = 3*h - j - 19. Suppose -a = h*p - 70, p = -3*p + a + 47. What is the highest common divisor of c and p?
13
Let i = -98 - -124. Calculate the highest common factor of i and 104.
26
Suppose 7*r - 162 = 3*r - g, 4*g = 8. Calculate the highest common divisor of 100 and r.
20
Let b be 6 - (3 - (4 + -9)/(-5)). What is the greatest common divisor of 8 and b?
4
Suppose 100 = 2*l - 30. Let p = l + 15. Let m be (-4)/6 + 64/6. What is the greatest common factor of m and p?
10
Let q(v) = -83*v + 1. Suppose -z + 3*z = -2. Let w be q(z). What is the highest common divisor of w and 12?
12
Let z = 210 - 41. Calculate the greatest common divisor of 13 and z.
13
Let r be 14/(-8)*(-9 + 5). What is the highest common factor of r and 56?
7
Suppose -5*w - l = 3*l - 19, 2*w + 5*l = 11. Suppose 4*i + w = c - 8, -i - 55 = -5*c. Calculate the highest common divisor of 99 and c.
11
Suppose x + 4*t + t - 94 = 0, 0 = -4*t + 8. Let a(g) = -g**3 - 2*g - 2. Let v be a(-3). Let r = v + -19. Calculate the greatest common divisor of x and r.
12
Let u = -9 - -7. Let k be (1 - (u + -207)) + -1. Calculate the highest common factor of 19 and k.
19
Let g(a) = -a**2 + 8*a + 1. Let m be g(7). Suppose l - 2 = m. Let c be ((-57)/(-6))/(1/l). Calculate the greatest common divisor of 19 and c.
19
Suppose -2*y + y + 48 = 5*p, -3*p - 15 = 0. Suppose -5*x + 4*m + y = -0*m, -4*x = -m - 54. Calculate the highest common divisor of 26 and x.
13
Suppose -9 = -2*d + 11. Let q be (8/24)/((-1)/(-6)). Let v be (16/4)/q + 78. Calculate the highest common factor of d and v.
10
Let r = 7 - 7. Suppose -q - 2*q + 240 = r. What is the greatest common factor of 10 and q?
10
Let y(r) = r + 1. Let u be y(1). What is the greatest common factor of u and 20?
2
Suppose 8*z = 10*z - 54. Calculate the highest common factor of z and 81.
27
Suppose 5*a = -1 + 21. Let u be (1 + 0)*(16 - a). What is the highest common factor of 24 and u?
12
Suppose -4*k = -3*l + 14, 0*l - k - 16 = -2*l. Let r be (-2)/(((-1)/l)/(-1)). Let b = r + 74. What is the highest common divisor of 27 and b?
27
Let i(o) = -3*o. Let v be i(-12). Calculate the highest common factor of v and 9.
9
Let s(m) be the second derivative of m**5/20 + 5*m**4/12 + 2*m**3/3 + m**2/2 + 2*m. Let b be s(-3). What is the highest common factor of 42 and b?
7
Let f(p) = p + 10. Let b be f(-5). Calculate the greatest common divisor of 55 and b.
5
Let q = 747 - 414. What is the highest common divisor of 37 and q?
37
Let m = -24 + 34. Suppose 0 = -10*c + 5*c + m. What is the highest common factor of 8 and c?
2
Let l be (-4)/6*21 - 1. Let v = 3 - l. What is the greatest common divisor of 198 and v?
18
Suppose -3*l + 3 = -6. Suppose 0 = 3*y + l*a - 54, 2*y + 3*a - 27 = 10. What is the highest common divisor of 136 and y?
17
Suppose -3*h = -3*t + 1290, t + h - 337 - 91 = 0. What is the highest common factor of t and 39?
39
Suppose -3*h + 2*h = -m + 14, 5*h - 10 = 0. Calculate the highest common factor of m and 16.
16
Let h = -95 - -135. Suppose n - 5*n + h = 0. Let p = 26 - 6. What is the greatest common divisor of n and p?
10
Let j be 20/(3/(-2 + 11)). What is the greatest common factor of 20 and j?
20
Suppose -4 = q - 0*v - v, 0 = q + 3*v - 16. What is the highest common divisor of q and 3?
1
Let t(y) = -y**3 - 4*y**2 + 4*y + 2. Let p be t(-5). Let m = 36 - 29. What is the greatest common divisor of p and m?
7
Suppose -o + 20 = 2*i - 1, 4*o + i = 56. Suppose 5*v = o + 2. Calculate the greatest common factor of v and 12.
3
Suppose -783 = -5*x + 2*r, 5*x - 167 = 4*x + 3*r. Suppose 0 = 13*b - 8*b - 155. What is the highest common divisor of b and x?
31
Suppose -2*z - 2*z = -44. Let u = 84 - 51. Suppose 0*y = 3*y - u. Calculate the greatest common divisor of z and y.
11
Let w be 7868/70 - (-4)/(-10). Calculate the highest common divisor of 14 and w.
14
Let b = -11 - -13. Calculate the greatest common factor of b and 1.
1
Let x = 23 - 2. What is the highest common factor of 210 and x?
21
Let s(n) = 6*n - 11. Let h be s(6). What is the highest common divisor of h and 200?
25
Let j = -7 - 0. Let p = -7 - j. Suppose 0 = -p*y - 3*y - 2*w + 21, 14 = 2*y - 2*w. What is the greatest common divisor of y and 7?
7
Let c(a) = -a**3 + 4*a**2 + 3*a. Let t be c(4). Calculate the greatest common divisor of t and 18.
6
Let l be 3 + (0 - -1 - -172). Calculate the highest common divisor of l and 16.
16
Let q be (-18)/(-4)*4/6. Suppose -2*m + 10 = q*m. Suppose m*a + 0 = 4. What is the highest common factor of 3 and a?
1
Let l be (-54)/63*(-7)/2. What is the greatest common factor of 1 and l?
1
Let b(f) = -84*f - 3. Let o be b(-2). Let u(v) = v + 154. Let t be u(0). Let c be t/10 + (-6)/15. What is the highest common factor of c and o?
15
Let a(h) = h**2 + 2*h. Suppose -10 = u - 8. Let t be a(u). Suppose -5*v + 20 = -t*v. What is the highest common factor of 1 and v?
1
Let v = 434 - 280. Calculate the highest common factor of v and 22.
22
Let n(c) = c**3 - c - 1. Let q(l) = -12*l**3 + 3*l**2 + 6*l + 6. Let w(x) = -6*n(x) - q(x). Let f be w(2). What is the greatest common factor of f and 24?
12
Let d be ((-42)/(-12))/(1/2). What is the greatest common divisor of 119 and d?
7
Let v(n) = -11*n + 40. Let o be v(-8). What is the highest common factor of 32 and o?
32
Let z(m) = -m**2 - 18*m - 11. Let s be z(-17). Let x be ((-1)/2)/((-1)/24). Calculate the greatest common divisor of x and s.
6
Let i be (68/(-10))/((-2)/45). Let a be 34/2*(1 - 0). What is the highest common divisor of a and i?
17
Let p(d) = d**2 + 7*d + 19. Let i be p(-7). What is the greatest common divisor of i and 323?
19
Let c be (8/(-16))/((-1)/30). What is the highest common factor of c and 10?
5
Suppose x - 1 = -3*g + 10, -15 = 5*g - 5*x. Let r be (3/g)/((-3)/(-36)). Let o be 3 - 19/((-133)/294). What is the highest common divisor of r and o?
9
Let p(t) = t. Let m be p(-1). Let h = m + 3. Suppose y = h*n - 27, 3*y - 6*y - 69 = -5*n. What is the highest common divisor of n and 24?
12
Let j = 102 - 154. Let r = j + 164. Let f be r/6 + 12/(-18). What is the greatest common divisor of f and 36?
18
Let x(s) = -4*s**3 + 4*s**2 + s + 4. Let z be x(-3). What is the highest common factor of z and 58?
29
Suppose 0*l - 5*b - 134 = -2*l, -273 = -5*l - 3*b. Let i(n) = -10*n - 1. Let p be i(-2). Calculate the highest common divisor of l and p.
19
Let s be 5/2 - (-5)/10. Suppose s*c - 3 = 5*z - 23, 4*c + 18 = -2*z. Calculate the greatest common factor of 9 and z.
1
Let f be 1*(2 + -1) - -1*7. Calculate the highest common factor of 1 and f.
1
Suppose 4*q = 42 + 50. What is the greatest common factor of q and 115?
23
Suppose -2*y + 5 = -5*w - 4*y, 5*w + 4*y = -5. Let u be (w - -2 - 1) + 0. Let s = 14 - u. What is the greatest common factor of s and 2?
2
Suppose -3*g + 3 = 3*l, -l + g = -4*l + 1. Suppose 6 = -2*c - l. Let b = 0 - c. Calculate the greatest common factor of b and 9.
3
Let 